[INFO] cloning repository https://github.com/lkatalin/attestation-client
[INFO] running `Command { std: "git" "-c" "credential.helper=" "-c" "credential.helper=/workspace/cargo-home/bin/git-credential-null" "clone" "--bare" "https://github.com/lkatalin/attestation-client" "/workspace/cache/git-repos/https%3A%2F%2Fgithub.com%2Flkatalin%2Fattestation-client", kill_on_drop: false }`
[INFO] [stderr] Cloning into bare repository '/workspace/cache/git-repos/https%3A%2F%2Fgithub.com%2Flkatalin%2Fattestation-client'...
[INFO] running `Command { std: "git" "rev-parse" "HEAD", kill_on_drop: false }`
[INFO] [stdout] 748071363664047b01f4bcbe6688cd02ec0f240c
[INFO] checking lkatalin/attestation-client against master#af3c6e733a40e671550e0f0f5aeecaa13772ba56 for pr-74989
[INFO] running `Command { std: "git" "clone" "/workspace/cache/git-repos/https%3A%2F%2Fgithub.com%2Flkatalin%2Fattestation-client" "/workspace/builds/worker-10/source", kill_on_drop: false }`
[INFO] [stderr] Cloning into '/workspace/builds/worker-10/source'...
[INFO] [stderr] done.
[INFO] validating manifest of git repo https://github.com/lkatalin/attestation-client on toolchain af3c6e733a40e671550e0f0f5aeecaa13772ba56
[INFO] running `Command { std: "/workspace/cargo-home/bin/cargo" "+af3c6e733a40e671550e0f0f5aeecaa13772ba56" "read-manifest" "--manifest-path" "Cargo.toml", kill_on_drop: false }`
[INFO] started tweaking git repo https://github.com/lkatalin/attestation-client
[INFO] finished tweaking git repo https://github.com/lkatalin/attestation-client
[INFO] tweaked toml for git repo https://github.com/lkatalin/attestation-client written to /workspace/builds/worker-10/source/Cargo.toml
[INFO] crate git repo https://github.com/lkatalin/attestation-client already has a lockfile, it will not be regenerated
[INFO] running `Command { std: "/workspace/cargo-home/bin/cargo" "+af3c6e733a40e671550e0f0f5aeecaa13772ba56" "fetch" "--locked" "--manifest-path" "Cargo.toml", kill_on_drop: false }`
[INFO] running `Command { std: "docker" "create" "-v" "/var/lib/crater-agent-workspace/builds/worker-10/target:/opt/rustwide/target:rw,Z" "-v" "/var/lib/crater-agent-workspace/builds/worker-10/source:/opt/rustwide/workdir:ro,Z" "-v" "/var/lib/crater-agent-workspace/cargo-home:/opt/rustwide/cargo-home:ro,Z" "-v" "/var/lib/crater-agent-workspace/rustup-home:/opt/rustwide/rustup-home:ro,Z" "-e" "SOURCE_DIR=/opt/rustwide/workdir" "-e" "CARGO_TARGET_DIR=/opt/rustwide/target" "-e" "CARGO_HOME=/opt/rustwide/cargo-home" "-e" "RUSTUP_HOME=/opt/rustwide/rustup-home" "-w" "/opt/rustwide/workdir" "-m" "1610612736" "--user" "0:0" "--network" "none" "rustops/crates-build-env@sha256:d92eaeed33fa75130ca1ee6c8a01d1ffb62bac859dfdfb3450e3e5d1c0146529" "/opt/rustwide/cargo-home/bin/cargo" "+af3c6e733a40e671550e0f0f5aeecaa13772ba56" "metadata" "--no-deps" "--format-version=1", kill_on_drop: false }`
[INFO] [stdout] d668e68939a5bb0c9681a7b11fe27d62ea22726b7f8957b5101f5c1db81b46de
[INFO] [stderr] WARNING: Your kernel does not support swap limit capabilities or the cgroup is not mounted. Memory limited without swap.
[INFO] running `Command { std: "docker" "start" "-a" "d668e68939a5bb0c9681a7b11fe27d62ea22726b7f8957b5101f5c1db81b46de", kill_on_drop: false }`
[INFO] running `Command { std: "docker" "inspect" "d668e68939a5bb0c9681a7b11fe27d62ea22726b7f8957b5101f5c1db81b46de", kill_on_drop: false }`
[INFO] running `Command { std: "docker" "rm" "-f" "d668e68939a5bb0c9681a7b11fe27d62ea22726b7f8957b5101f5c1db81b46de", kill_on_drop: false }`
[INFO] [stdout] d668e68939a5bb0c9681a7b11fe27d62ea22726b7f8957b5101f5c1db81b46de
[INFO] running `Command { std: "docker" "create" "-v" "/var/lib/crater-agent-workspace/builds/worker-10/target:/opt/rustwide/target:rw,Z" "-v" "/var/lib/crater-agent-workspace/builds/worker-10/source:/opt/rustwide/workdir:ro,Z" "-v" "/var/lib/crater-agent-workspace/cargo-home:/opt/rustwide/cargo-home:ro,Z" "-v" "/var/lib/crater-agent-workspace/rustup-home:/opt/rustwide/rustup-home:ro,Z" "-e" "SOURCE_DIR=/opt/rustwide/workdir" "-e" "CARGO_TARGET_DIR=/opt/rustwide/target" "-e" "CARGO_INCREMENTAL=0" "-e" "RUST_BACKTRACE=full" "-e" "RUSTFLAGS=--cap-lints=forbid" "-e" "CARGO_HOME=/opt/rustwide/cargo-home" "-e" "RUSTUP_HOME=/opt/rustwide/rustup-home" "-w" "/opt/rustwide/workdir" "-m" "1610612736" "--user" "0:0" "--network" "none" "rustops/crates-build-env@sha256:d92eaeed33fa75130ca1ee6c8a01d1ffb62bac859dfdfb3450e3e5d1c0146529" "/opt/rustwide/cargo-home/bin/cargo" "+af3c6e733a40e671550e0f0f5aeecaa13772ba56" "check" "--frozen" "--all" "--all-targets" "--message-format=json", kill_on_drop: false }`
[INFO] [stdout] b5b26d11ffbe9a5d4729a4d5aa59a42a187c33fa4174cb0f641571e44af56d01
[INFO] [stderr] WARNING: Your kernel does not support swap limit capabilities or the cgroup is not mounted. Memory limited without swap.
[INFO] running `Command { std: "docker" "start" "-a" "b5b26d11ffbe9a5d4729a4d5aa59a42a187c33fa4174cb0f641571e44af56d01", kill_on_drop: false }`
[INFO] [stderr]     Checking client-report v0.1.0 (/opt/rustwide/workdir)
[INFO] [stdout] error[E0599]: no function or associated item named `for_self` found for struct `sgx_isa::Report` in the current scope
[INFO] [stdout]   --> src/main.rs:10:34
[INFO] [stdout]    |
[INFO] [stdout] 10 |             let report = Report::for_self();
[INFO] [stdout]    |                                  ^^^^^^^^ function or associated item not found in `sgx_isa::Report`
[INFO] [stdout] 
[INFO] [stdout] 
[INFO] [stdout] error[E0599]: no function or associated item named `for_self` found for struct `sgx_isa::Report` in the current scope
[INFO] [stdout]   --> src/main.rs:11:55
[INFO] [stdout]    |
[INFO] [stdout] 11 |             let targetinfo = Targetinfo::from(Report::for_self());
[INFO] [stdout]    |                                                       ^^^^^^^^ function or associated item not found in `sgx_isa::Report`
[INFO] [stdout] 
[INFO] [stdout] 
[INFO] [stdout] error: aborting due to 2 previous errors
[INFO] [stdout] 
[INFO] [stdout] 
[INFO] [stdout] For more information about this error, try `rustc --explain E0599`.
[INFO] [stdout] 
[INFO] [stderr] error: could not compile `client-report`.
[INFO] [stdout] error[E0599]: no function or associated item named `for_self` found for struct `sgx_isa::Report` in the current scope
[INFO] [stdout]   --> src/main.rs:10:34
[INFO] [stdout]    |
[INFO] [stdout] 10 |             let report = Report::for_self();
[INFO] [stdout]    |                                  ^^^^^^^^ function or associated item not found in `sgx_isa::Report`
[INFO] [stdout] 
[INFO] [stdout] 
[INFO] [stderr] 
[INFO] [stdout] error[E0599]: no function or associated item named `for_self` found for struct `sgx_isa::Report` in the current scope
[INFO] [stdout]   --> src/main.rs:11:55
[INFO] [stdout]    |
[INFO] [stdout] 11 |             let targetinfo = Targetinfo::from(Report::for_self());
[INFO] [stdout]    |                                                       ^^^^^^^^ function or associated item not found in `sgx_isa::Report`
[INFO] [stdout] 
[INFO] [stdout] 
[INFO] [stderr] To learn more, run the command again with --verbose.
[INFO] [stderr] warning: build failed, waiting for other jobs to finish...
[INFO] [stdout] error: aborting due to 2 previous errors
[INFO] [stdout] 
[INFO] [stdout] 
[INFO] [stdout] For more information about this error, try `rustc --explain E0599`.
[INFO] [stdout] 
[INFO] [stderr] error: build failed
[INFO] running `Command { std: "docker" "inspect" "b5b26d11ffbe9a5d4729a4d5aa59a42a187c33fa4174cb0f641571e44af56d01", kill_on_drop: false }`
[INFO] running `Command { std: "docker" "rm" "-f" "b5b26d11ffbe9a5d4729a4d5aa59a42a187c33fa4174cb0f641571e44af56d01", kill_on_drop: false }`
[INFO] [stdout] b5b26d11ffbe9a5d4729a4d5aa59a42a187c33fa4174cb0f641571e44af56d01
